{"id":42,"date":"2023-12-05T21:39:52","date_gmt":"2023-12-05T20:39:52","guid":{"rendered":"https:\/\/www.scee.mx\/?page_id=42"},"modified":"2024-06-21T14:13:42","modified_gmt":"2024-06-21T20:13:42","slug":"limpieza-y-mantenimiento","status":"publish","type":"page","link":"https:\/\/www.scee.mx\/index.php\/limpieza-y-mantenimiento\/","title":{"rendered":"Limpieza y mantenimiento"},"content":{"rendered":"\t\t<div data-elementor-type=\"wp-page\" data-elementor-id=\"42\" class=\"elementor elementor-42\" data-elementor-post-type=\"page\">\n\t\t\t\t<div class=\"elementor-element elementor-element-6076b90f e-flex e-con-boxed e-con e-parent\" data-id=\"6076b90f\" data-element_type=\"container\" data-settings=\"{&quot;background_background&quot;:&quot;classic&quot;}\">\n\t\t\t\t\t<div class=\"e-con-inner\">\n\t\t\t\t<div class=\"elementor-element elementor-element-1826cf7a elementor-widget elementor-widget-spacer\" data-id=\"1826cf7a\" data-element_type=\"widget\" data-widget_type=\"spacer.default\">\n\t\t\t\t<div class=\"elementor-widget-container\">\n\t\t\t\t\t\t\t<div class=\"elementor-spacer\">\n\t\t\t<div class=\"elementor-spacer-inner\"><\/div>\n\t\t<\/div>\n\t\t\t\t\t\t<\/div>\n\t\t\t\t<\/div>\n\t\t\t\t<div class=\"elementor-element elementor-element-21837641 elementor-widget elementor-widget-heading\" data-id=\"21837641\" data-element_type=\"widget\" data-widget_type=\"heading.default\">\n\t\t\t\t<div class=\"elementor-widget-container\">\n\t\t\t\t\t<h2 class=\"elementor-heading-title elementor-size-default\">LIMPIEZA Y MANTENIMIENTO<\/h2>\t\t\t\t<\/div>\n\t\t\t\t<\/div>\n\t\t\t\t<div class=\"elementor-element elementor-element-47f400d3 elementor-widget elementor-widget-spacer\" data-id=\"47f400d3\" data-element_type=\"widget\" data-widget_type=\"spacer.default\">\n\t\t\t\t<div class=\"elementor-widget-container\">\n\t\t\t\t\t\t\t<div class=\"elementor-spacer\">\n\t\t\t<div class=\"elementor-spacer-inner\"><\/div>\n\t\t<\/div>\n\t\t\t\t\t\t<\/div>\n\t\t\t\t<\/div>\n\t\t\t\t\t<\/div>\n\t\t\t\t<\/div>\n\t\t<div class=\"elementor-element elementor-element-44207e65 e-flex e-con-boxed e-con e-parent\" data-id=\"44207e65\" data-element_type=\"container\">\n\t\t\t\t\t<div class=\"e-con-inner\">\n\t\t\t\t<div class=\"elementor-element elementor-element-24e40f60 elementor-widget elementor-widget-spacer\" data-id=\"24e40f60\" data-element_type=\"widget\" data-widget_type=\"spacer.default\">\n\t\t\t\t<div class=\"elementor-widget-container\">\n\t\t\t\t\t\t\t<div class=\"elementor-spacer\">\n\t\t\t<div class=\"elementor-spacer-inner\"><\/div>\n\t\t<\/div>\n\t\t\t\t\t\t<\/div>\n\t\t\t\t<\/div>\n\t\t\t\t\t<\/div>\n\t\t\t\t<\/div>\n\t\t<div class=\"elementor-element elementor-element-28f6c89f e-flex e-con-boxed e-con e-parent\" data-id=\"28f6c89f\" data-element_type=\"container\">\n\t\t\t\t\t<div class=\"e-con-inner\">\n\t\t<div class=\"elementor-element elementor-element-6a94e56c e-con-full e-flex e-con e-child\" data-id=\"6a94e56c\" data-element_type=\"container\">\n\t\t\t\t<div class=\"elementor-element elementor-element-178fa57c elementor-widget elementor-widget-image\" data-id=\"178fa57c\" data-element_type=\"widget\" data-widget_type=\"image.default\">\n\t\t\t\t<div class=\"elementor-widget-container\">\n\t\t\t\t\t\t\t\t\t\t\t\t\t\t\t<img fetchpriority=\"high\" decoding=\"async\" width=\"1024\" height=\"683\" src=\"https:\/\/www.scee.mx\/wp-content\/uploads\/2023\/12\/WhatsApp-Image-2022-11-24-at-12.03.56-1024x683.jpeg\" class=\"attachment-large size-large wp-image-93\" alt=\"\" srcset=\"https:\/\/www.scee.mx\/wp-content\/uploads\/2023\/12\/WhatsApp-Image-2022-11-24-at-12.03.56-1024x683.jpeg 1024w, https:\/\/www.scee.mx\/wp-content\/uploads\/2023\/12\/WhatsApp-Image-2022-11-24-at-12.03.56-600x400.jpeg 600w, https:\/\/www.scee.mx\/wp-content\/uploads\/2023\/12\/WhatsApp-Image-2022-11-24-at-12.03.56-300x200.jpeg 300w, https:\/\/www.scee.mx\/wp-content\/uploads\/2023\/12\/WhatsApp-Image-2022-11-24-at-12.03.56-768x512.jpeg 768w, https:\/\/www.scee.mx\/wp-content\/uploads\/2023\/12\/WhatsApp-Image-2022-11-24-at-12.03.56-1536x1024.jpeg 1536w, https:\/\/www.scee.mx\/wp-content\/uploads\/2023\/12\/WhatsApp-Image-2022-11-24-at-12.03.56.jpeg 1600w\" sizes=\"(max-width: 1024px) 100vw, 1024px\" \/>\t\t\t\t\t\t\t\t\t\t\t\t\t\t\t<\/div>\n\t\t\t\t<\/div>\n\t\t\t\t<\/div>\n\t\t<div class=\"elementor-element elementor-element-75e0e7bb e-con-full e-flex e-con e-child\" data-id=\"75e0e7bb\" data-element_type=\"container\">\n\t\t\t\t<div class=\"elementor-element elementor-element-7b33956 elementor-widget elementor-widget-text-editor\" data-id=\"7b33956\" data-element_type=\"widget\" data-widget_type=\"text-editor.default\">\n\t\t\t\t<div class=\"elementor-widget-container\">\n\t\t\t\t\t\t\t\t\t<p><span style=\"font-weight: 400; color: #000000;\">El mantenimiento juega un papel crucial en la industria, asegurando el funcionamiento confiable y eficiente de los equipos y sistemas los cuales deber\u00edan de tener un mantenimiento preventivo cada determinado tiempo esto con el prop\u00f3sito de alargar la vida \u00fatil de los mismos. Si bien sabemos que en cualquier entorno industrial es crucial\u00a0 mantenerse al margen, tanto en limpieza y mantenimiento de equipos, es decir, que es altamente importante la implementaci\u00f3n de una estrategia de mantenimiento adecuada, la cual es esencial para maximizar la producci\u00f3n, minimizar los tiempos de inactividad no planificados y garantizar la seguridad del personal. Todo esto con el prop\u00f3sito de llegar a ser competitivo en la industria o giro de la empresa.<\/span><\/p>\t\t\t\t\t\t\t\t<\/div>\n\t\t\t\t<\/div>\n\t\t\t\t<\/div>\n\t\t\t\t\t<\/div>\n\t\t\t\t<\/div>\n\t\t<div class=\"elementor-element elementor-element-5c71aa4 e-flex e-con-boxed e-con e-parent\" data-id=\"5c71aa4\" data-element_type=\"container\">\n\t\t\t\t\t<div class=\"e-con-inner\">\n\t\t\t\t<div class=\"elementor-element elementor-element-c28424b elementor-widget elementor-widget-spacer\" data-id=\"c28424b\" data-element_type=\"widget\" data-widget_type=\"spacer.default\">\n\t\t\t\t<div class=\"elementor-widget-container\">\n\t\t\t\t\t\t\t<div class=\"elementor-spacer\">\n\t\t\t<div class=\"elementor-spacer-inner\"><\/div>\n\t\t<\/div>\n\t\t\t\t\t\t<\/div>\n\t\t\t\t<\/div>\n\t\t\t\t\t<\/div>\n\t\t\t\t<\/div>\n\t\t<div class=\"elementor-element elementor-element-9537b2a e-flex e-con-boxed e-con e-parent\" data-id=\"9537b2a\" data-element_type=\"container\">\n\t\t\t\t\t<div class=\"e-con-inner\">\n\t\t<div class=\"elementor-element elementor-element-f890203 e-con-full e-flex e-con e-child\" data-id=\"f890203\" data-element_type=\"container\">\n\t\t\t\t<div class=\"elementor-element elementor-element-588e0c6 elementor-hidden-desktop elementor-hidden-tablet elementor-widget elementor-widget-image\" data-id=\"588e0c6\" data-element_type=\"widget\" data-widget_type=\"image.default\">\n\t\t\t\t<div class=\"elementor-widget-container\">\n\t\t\t\t\t\t\t\t\t\t\t\t\t\t\t<img decoding=\"async\" width=\"768\" height=\"1024\" src=\"https:\/\/www.scee.mx\/wp-content\/uploads\/2024\/02\/WhatsApp-Image-2024-01-26-at-8.50.37-AM-4-768x1024.jpeg\" class=\"attachment-large size-large wp-image-399\" alt=\"\" srcset=\"https:\/\/www.scee.mx\/wp-content\/uploads\/2024\/02\/WhatsApp-Image-2024-01-26-at-8.50.37-AM-4-768x1024.jpeg 768w, https:\/\/www.scee.mx\/wp-content\/uploads\/2024\/02\/WhatsApp-Image-2024-01-26-at-8.50.37-AM-4-600x800.jpeg 600w, https:\/\/www.scee.mx\/wp-content\/uploads\/2024\/02\/WhatsApp-Image-2024-01-26-at-8.50.37-AM-4-225x300.jpeg 225w, https:\/\/www.scee.mx\/wp-content\/uploads\/2024\/02\/WhatsApp-Image-2024-01-26-at-8.50.37-AM-4-1152x1536.jpeg 1152w, https:\/\/www.scee.mx\/wp-content\/uploads\/2024\/02\/WhatsApp-Image-2024-01-26-at-8.50.37-AM-4.jpeg 1200w\" sizes=\"(max-width: 768px) 100vw, 768px\" \/>\t\t\t\t\t\t\t\t\t\t\t\t\t\t\t<\/div>\n\t\t\t\t<\/div>\n\t\t\t\t<div class=\"elementor-element elementor-element-fd5ea2f elementor-widget elementor-widget-text-editor\" data-id=\"fd5ea2f\" data-element_type=\"widget\" data-widget_type=\"text-editor.default\">\n\t\t\t\t<div class=\"elementor-widget-container\">\n\t\t\t\t\t\t\t\t\t<h4><span style=\"color: #000000;\"><b>Funcionamiento<\/b><\/span><\/h4><p><span style=\"font-weight: 400; color: #000000;\">Dando por hecho que las subestaciones son la parte m\u00e1s cr\u00edtica de cualquier red de suministro el\u00e9ctrico, un fallo de una sola pieza del equipo de la subestaci\u00f3n puede causar un colapso total de la red que puede tardar d\u00edas en rectificarse. Por esta raz\u00f3n, el cuidado de las subestaciones e incluso todo lo que tenga que ver con electricidad, es una de las partes m\u00e1s importantes del programa de mantenimiento preventivo de cualquier departamento el\u00e9ctrico. Una interrupci\u00f3n del suministro el\u00e9ctrico o apag\u00f3n de la energ\u00eda de la red puede provocar un impacto catastr\u00f3fico en servicios vitales que dependen de un suministro el\u00e9ctrico constante, como sistemas de seguridad y servidores de datos cr\u00edticos. Los cuales podr\u00edan generar grandes p\u00e9rdidas econ\u00f3micas y\/o de producci\u00f3n.<\/span><\/p><p><span style=\"font-weight: 400; color: #000000;\">Para aprovechar al m\u00e1ximo sus activos y reducir gastos, solo tiene que aplicar una estrategia de mantenimiento preventivo. \u00bfQu\u00e9 otras ventajas ofrece? Mejor organizaci\u00f3n y actividad ininterrumpida.<\/span><\/p><h5><span style=\"color: #000000;\"><strong>Vida \u00fatil m\u00e1s larga<\/strong><\/span><\/h5><p><span style=\"font-weight: 400; color: #000000;\">Programe tareas de mantenimiento y revisiones sistem\u00e1ticas para que sus activos lleguen al final de su ciclo de vida y las garant\u00edas est\u00e9n siempre actualizadas.<\/span><\/p><h5><span style=\"color: #000000;\"><strong>M\u00ednimo mantenimiento<\/strong><\/span><\/h5><p><span style=\"font-weight: 400; color: #000000;\">Podr\u00e1 gestionar las labores de mantenimiento planificadas y no planificadas, as\u00ed como su inventario y los costes de las piezas de recambio. Tener una idea m\u00e1s clara de las operaciones y los activos de su empresa le ayudar\u00e1 a reducir considerablemente los costes de mantenimiento.<\/span><\/p><h5><span style=\"color: #000000;\"><strong>M\u00e1s productividad<\/strong><\/span><\/h5><p><span style=\"font-weight: 400; color: #000000;\">Bien organizada, la mano de obra es m\u00e1s productiva. IBM\u00ae Maximo mejora la planificaci\u00f3n, la gesti\u00f3n de los proveedores, los flujos de trabajo y la elaboraci\u00f3n de informes financieros sin necesidad de usar papel.<\/span><\/p><h5><span style=\"color: #000000;\"><strong>Reducci\u00f3n del tiempo de inactividad imprevisto<\/strong><\/span><\/h5><p><span style=\"font-weight: 400; color: #000000;\">Al determinar lo que hay que arreglar con antelaci\u00f3n, evitar\u00e1 las interrupciones. Por consiguiente, reducir\u00e1 el tiempo de inactividad y optimizar\u00e1 la producci\u00f3n.<\/span><\/p>\t\t\t\t\t\t\t\t<\/div>\n\t\t\t\t<\/div>\n\t\t\t\t<\/div>\n\t\t<div class=\"elementor-element elementor-element-dd1312f e-con-full e-flex e-con e-child\" data-id=\"dd1312f\" data-element_type=\"container\">\n\t\t\t\t<div class=\"elementor-element elementor-element-9895d66 elementor-hidden-mobile elementor-widget elementor-widget-image\" data-id=\"9895d66\" data-element_type=\"widget\" data-widget_type=\"image.default\">\n\t\t\t\t<div class=\"elementor-widget-container\">\n\t\t\t\t\t\t\t\t\t\t\t\t\t\t\t<img decoding=\"async\" width=\"768\" height=\"1024\" src=\"https:\/\/www.scee.mx\/wp-content\/uploads\/2024\/02\/WhatsApp-Image-2024-01-26-at-8.50.37-AM-4-768x1024.jpeg\" class=\"attachment-large size-large wp-image-399\" alt=\"\" srcset=\"https:\/\/www.scee.mx\/wp-content\/uploads\/2024\/02\/WhatsApp-Image-2024-01-26-at-8.50.37-AM-4-768x1024.jpeg 768w, https:\/\/www.scee.mx\/wp-content\/uploads\/2024\/02\/WhatsApp-Image-2024-01-26-at-8.50.37-AM-4-600x800.jpeg 600w, https:\/\/www.scee.mx\/wp-content\/uploads\/2024\/02\/WhatsApp-Image-2024-01-26-at-8.50.37-AM-4-225x300.jpeg 225w, https:\/\/www.scee.mx\/wp-content\/uploads\/2024\/02\/WhatsApp-Image-2024-01-26-at-8.50.37-AM-4-1152x1536.jpeg 1152w, https:\/\/www.scee.mx\/wp-content\/uploads\/2024\/02\/WhatsApp-Image-2024-01-26-at-8.50.37-AM-4.jpeg 1200w\" sizes=\"(max-width: 768px) 100vw, 768px\" \/>\t\t\t\t\t\t\t\t\t\t\t\t\t\t\t<\/div>\n\t\t\t\t<\/div>\n\t\t\t\t<\/div>\n\t\t\t\t\t<\/div>\n\t\t\t\t<\/div>\n\t\t<div class=\"elementor-element elementor-element-12897945 e-flex e-con-boxed e-con e-parent\" data-id=\"12897945\" data-element_type=\"container\" data-settings=\"{&quot;background_background&quot;:&quot;classic&quot;}\">\n\t\t\t\t\t<div class=\"e-con-inner\">\n\t\t\t\t<div class=\"elementor-element elementor-element-48177d92 elementor-widget elementor-widget-spacer\" data-id=\"48177d92\" data-element_type=\"widget\" data-widget_type=\"spacer.default\">\n\t\t\t\t<div class=\"elementor-widget-container\">\n\t\t\t\t\t\t\t<div class=\"elementor-spacer\">\n\t\t\t<div class=\"elementor-spacer-inner\"><\/div>\n\t\t<\/div>\n\t\t\t\t\t\t<\/div>\n\t\t\t\t<\/div>\n\t\t\t\t\t<\/div>\n\t\t\t\t<\/div>\n\t\t<div class=\"elementor-element elementor-element-b4eb832 e-flex e-con-boxed e-con e-parent\" data-id=\"b4eb832\" data-element_type=\"container\">\n\t\t\t\t\t<div class=\"e-con-inner\">\n\t\t<div class=\"elementor-element elementor-element-f8fce6d e-con-full e-flex e-con e-child\" data-id=\"f8fce6d\" data-element_type=\"container\">\n\t\t\t\t<div class=\"elementor-element elementor-element-cd81810 elementor-widget elementor-widget-image\" data-id=\"cd81810\" data-element_type=\"widget\" data-widget_type=\"image.default\">\n\t\t\t\t<div class=\"elementor-widget-container\">\n\t\t\t\t\t\t\t\t\t\t\t\t\t\t\t<img decoding=\"async\" width=\"768\" height=\"1024\" src=\"https:\/\/www.scee.mx\/wp-content\/uploads\/2024\/02\/WhatsApp-Image-2024-01-26-at-8.50.38-AM-768x1024.jpeg\" class=\"attachment-large size-large wp-image-346\" alt=\"\" srcset=\"https:\/\/www.scee.mx\/wp-content\/uploads\/2024\/02\/WhatsApp-Image-2024-01-26-at-8.50.38-AM-768x1024.jpeg 768w, https:\/\/www.scee.mx\/wp-content\/uploads\/2024\/02\/WhatsApp-Image-2024-01-26-at-8.50.38-AM-600x800.jpeg 600w, https:\/\/www.scee.mx\/wp-content\/uploads\/2024\/02\/WhatsApp-Image-2024-01-26-at-8.50.38-AM-225x300.jpeg 225w, https:\/\/www.scee.mx\/wp-content\/uploads\/2024\/02\/WhatsApp-Image-2024-01-26-at-8.50.38-AM-1152x1536.jpeg 1152w, https:\/\/www.scee.mx\/wp-content\/uploads\/2024\/02\/WhatsApp-Image-2024-01-26-at-8.50.38-AM.jpeg 1200w\" sizes=\"(max-width: 768px) 100vw, 768px\" \/>\t\t\t\t\t\t\t\t\t\t\t\t\t\t\t<\/div>\n\t\t\t\t<\/div>\n\t\t\t\t<\/div>\n\t\t<div class=\"elementor-element elementor-element-b633430 e-con-full e-flex e-con e-child\" data-id=\"b633430\" data-element_type=\"container\">\n\t\t\t\t<div class=\"elementor-element elementor-element-d49b575 elementor-widget elementor-widget-text-editor\" data-id=\"d49b575\" data-element_type=\"widget\" data-widget_type=\"text-editor.default\">\n\t\t\t\t<div class=\"elementor-widget-container\">\n\t\t\t\t\t\t\t\t\t<h4><span style=\"color: #000000;\"><b>Servicios integrados<\/b><\/span><\/h4><ul><li style=\"font-weight: 400;\" aria-level=\"1\"><span style=\"font-weight: 400; color: #000000;\">Cotizaciones.<\/span><\/li><li style=\"font-weight: 400;\" aria-level=\"1\"><span style=\"font-weight: 400; color: #000000;\">Suministro de materiales.<\/span><\/li><li style=\"font-weight: 400;\" aria-level=\"1\"><span style=\"font-weight: 400; color: #000000;\">Suministro de personal capacitado.\u00a0<\/span><\/li><li style=\"font-weight: 400;\" aria-level=\"1\"><span style=\"font-weight: 400; color: #000000;\">Pruebas.<\/span><\/li><li style=\"font-weight: 400;\" aria-level=\"1\"><span style=\"font-weight: 400; color: #000000;\">Mediciones.<\/span><\/li><li style=\"font-weight: 400;\" aria-level=\"1\"><span style=\"font-weight: 400; color: #000000;\">Capacitaciones.<\/span><\/li><li style=\"font-weight: 400;\" aria-level=\"1\"><span style=\"font-weight: 400; color: #000000;\">Limpieza.<\/span><\/li><li style=\"font-weight: 400;\" aria-level=\"1\"><span style=\"font-weight: 400; color: #000000;\">Trabajo de calidad.<\/span><\/li><li style=\"font-weight: 400;\" aria-level=\"1\"><span style=\"font-weight: 400; color: #000000;\">Herramientas y\/o equipos con la tecnolog\u00eda m\u00e1s avanzada.<\/span><\/li><\/ul>\t\t\t\t\t\t\t\t<\/div>\n\t\t\t\t<\/div>\n\t\t\t\t<\/div>\n\t\t\t\t\t<\/div>\n\t\t\t\t<\/div>\n\t\t<div class=\"elementor-element elementor-element-71a0b086 e-flex e-con-boxed e-con e-parent\" data-id=\"71a0b086\" data-element_type=\"container\">\n\t\t\t\t\t<div class=\"e-con-inner\">\n\t\t<div class=\"elementor-element elementor-element-19a6ac5b e-con-full e-flex e-con e-child\" data-id=\"19a6ac5b\" data-element_type=\"container\">\n\t\t\t\t<\/div>\n\t\t<div class=\"elementor-element elementor-element-5f784528 e-con-full e-flex e-con e-child\" data-id=\"5f784528\" data-element_type=\"container\">\n\t\t\t\t<div class=\"elementor-element elementor-element-6f506b51 elementor-align-justify elementor-widget elementor-widget-button\" data-id=\"6f506b51\" data-element_type=\"widget\" data-widget_type=\"button.default\">\n\t\t\t\t<div class=\"elementor-widget-container\">\n\t\t\t\t\t\t\t\t\t<div class=\"elementor-button-wrapper\">\n\t\t\t\t\t<a class=\"elementor-button elementor-button-link elementor-size-sm\" href=\"http:\/\/wa.me\/2223931742\">\n\t\t\t\t\t\t<span class=\"elementor-button-content-wrapper\">\n\t\t\t\t\t\t\t\t\t<span class=\"elementor-button-text\">Agenda tu acesor\u00eda<\/span>\n\t\t\t\t\t<\/span>\n\t\t\t\t\t<\/a>\n\t\t\t\t<\/div>\n\t\t\t\t\t\t\t\t<\/div>\n\t\t\t\t<\/div>\n\t\t\t\t<\/div>\n\t\t<div class=\"elementor-element elementor-element-1c48e9e9 e-con-full e-flex e-con e-child\" data-id=\"1c48e9e9\" data-element_type=\"container\">\n\t\t\t\t<\/div>\n\t\t\t\t\t<\/div>\n\t\t\t\t<\/div>\n\t\t\t\t<\/div>\n\t\t","protected":false},"excerpt":{"rendered":"<p>LIMPIEZA Y MANTENIMIENTO El mantenimiento juega un papel crucial en la industria, asegurando el funcionamiento confiable y eficiente de los equipos y sistemas los cuales deber\u00edan de tener un mantenimiento preventivo cada determinado tiempo esto con el prop\u00f3sito de alargar la vida \u00fatil de los mismos. Si bien sabemos que en cualquier entorno industrial es [&hellip;]<\/p>\n","protected":false},"author":1,"featured_media":0,"parent":0,"menu_order":0,"comment_status":"closed","ping_status":"closed","template":"","meta":{"om_disable_all_campaigns":false,"_monsterinsights_skip_tracking":false,"_monsterinsights_sitenote_active":false,"_monsterinsights_sitenote_note":"","_monsterinsights_sitenote_category":0,"site-sidebar-layout":"no-sidebar","site-content-layout":"","ast-site-content-layout":"full-width-container","site-content-style":"default","site-sidebar-style":"default","ast-global-header-display":"","ast-banner-title-visibility":"","ast-main-header-display":"","ast-hfb-above-header-display":"","ast-hfb-below-header-display":"","ast-hfb-mobile-header-display":"","site-post-title":"disabled","ast-breadcrumbs-content":"","ast-featured-img":"disabled","footer-sml-layout":"","ast-disable-related-posts":"","theme-transparent-header-meta":"","adv-header-id-meta":"","stick-header-meta":"","header-above-stick-meta":"","header-main-stick-meta":"","header-below-stick-meta":"","astra-migrate-meta-layouts":"default","ast-page-background-enabled":"default","ast-page-background-meta":{"desktop":{"background-color":"var(--ast-global-color-4)","background-image":"","background-repeat":"repeat","background-position":"center center","background-size":"auto","background-attachment":"scroll","background-type":"","background-media":"","overlay-type":"","overlay-color":"","overlay-opacity":"","overlay-gradient":""},"tablet":{"background-color":"","background-image":"","background-repeat":"repeat","background-position":"center center","background-size":"auto","background-attachment":"scroll","background-type":"","background-media":"","overlay-type":"","overlay-color":"","overlay-opacity":"","overlay-gradient":""},"mobile":{"background-color":"","background-image":"","background-repeat":"repeat","background-position":"center center","background-size":"auto","background-attachment":"scroll","background-type":"","background-media":"","overlay-type":"","overlay-color":"","overlay-opacity":"","overlay-gradient":""}},"ast-content-background-meta":{"desktop":{"background-color":"var(--ast-global-color-5)","background-image":"","background-repeat":"repeat","background-position":"center center","background-size":"auto","background-attachment":"scroll","background-type":"","background-media":"","overlay-type":"","overlay-color":"","overlay-opacity":"","overlay-gradient":""},"tablet":{"background-color":"var(--ast-global-color-5)","background-image":"","background-repeat":"repeat","background-position":"center center","background-size":"auto","background-attachment":"scroll","background-type":"","background-media":"","overlay-type":"","overlay-color":"","overlay-opacity":"","overlay-gradient":""},"mobile":{"background-color":"var(--ast-global-color-5)","background-image":"","background-repeat":"repeat","background-position":"center center","background-size":"auto","background-attachment":"scroll","background-type":"","background-media":"","overlay-type":"","overlay-color":"","overlay-opacity":"","overlay-gradient":""}},"footnotes":""},"class_list":["post-42","page","type-page","status-publish","hentry"],"aioseo_notices":[],"jetpack_sharing_enabled":true,"_links":{"self":[{"href":"https:\/\/www.scee.mx\/index.php\/wp-json\/wp\/v2\/pages\/42","targetHints":{"allow":["GET"]}}],"collection":[{"href":"https:\/\/www.scee.mx\/index.php\/wp-json\/wp\/v2\/pages"}],"about":[{"href":"https:\/\/www.scee.mx\/index.php\/wp-json\/wp\/v2\/types\/page"}],"author":[{"embeddable":true,"href":"https:\/\/www.scee.mx\/index.php\/wp-json\/wp\/v2\/users\/1"}],"replies":[{"embeddable":true,"href":"https:\/\/www.scee.mx\/index.php\/wp-json\/wp\/v2\/comments?post=42"}],"version-history":[{"count":16,"href":"https:\/\/www.scee.mx\/index.php\/wp-json\/wp\/v2\/pages\/42\/revisions"}],"predecessor-version":[{"id":703,"href":"https:\/\/www.scee.mx\/index.php\/wp-json\/wp\/v2\/pages\/42\/revisions\/703"}],"wp:attachment":[{"href":"https:\/\/www.scee.mx\/index.php\/wp-json\/wp\/v2\/media?parent=42"}],"curies":[{"name":"wp","href":"https:\/\/api.w.org\/{rel}","templated":true}]}}